k(5).
107
Let r(x) = 280*x - 2251. Calculate r(8).
-11
Let i(g) = 2*g**2 - 62*g - 926. What is i(42)?
-2
Let q(x) = 403*x + 922. Calculate q(-3).
-287
Let y(n) = -8*n**2 - 7*n - 5. What is y(-2)?
-23
Let t(u) = -2*u**2 - 54*u - 67. Determine t(-11).
285
Let m(u) = u**3 + 7*u**2 - 4*u + 54. Calculate m(-9).
-72
Let n(b) = 2*b**2 + 59*b + 218. What is n(-25)?
-7
Let s(g) = g**3 + 2*g**2 - 142*g - 4. Determine s(0).
-4
Let a(i) = 7*i + 49. What is a(10)?
119
Let a(x) = -41*x + 264. Give a(7).
-23
Let x(v) = -35*v**2 + 367*v - 951. Determine x(6).
-9
Let d(o) = 164*o**2 - 8*o + 9. What is d(-2)?
681
Let p(d) = 8*d**3 + 2*d**2 + 3*d - 3. What is p(2)?
75
Let b(f) = -15180*f - 60723. Give b(-4).
-3
Let s(m) = 8*m - 232. Determine s(15).
-112
Let r(i) = i**3 - 2*i**2 - 2. Determine r(3).
7
Let y(r) = r**2 - 37*r - 233. What is y(-7)?
75
Let m(r) = -21*r - 1605. Calculate m(-82).
117
Let p(o) = 201*o + 8838. Give p(-44).
-6
Let f(v) = -17*v + 17. What is f(-7)?
136
Let f(s) = -2*s**2 + 10*s - 1. Determine f(2).
11
Let f(n) = 2*n**2 - 70*n + 629. Give f(9).
161
Let b(x) = x**3 + 19*x**2 + 21*x + 401. Give b(-19).
2
Let m(h) = -4424*h - 13276. Give m(-3).
-4
Let l(w) = 42*w - 207. Calculate l(7).
87
Let z(r) = 9*r**2 + 116*r + 104. What is z(-12)?
8
Let t(d) = 483*d + 5777. What is t(-12)?
-19
Let o(s) = s**2 + 7*s - 283. Determine o(0).
-283
Let t(m) = m + 95. Give t(22).
117
Let s(z) = -z**3 + 25*z**2 - 128*z - 244. Calculate s(16).
12
Let a(b) = -17*b - 333. Give a(-26).
109
Let v(t) = -53*t - 364. What is v(-7)?
7
Let z(r) = -r**3 - 178*r**2 - 1360*r - 3. Calculate z(-170).
-3
Let d(a) = a**2 - 30*a - 87. What is d(38)?
217
Let q(z) = z**3 - 15*z**2 - 17*z + 547. Calculate q(13).
-12
Let g(i) = -i**3 - 6*i**2 - 4*i - 40. Determine g(-8).
120
Let s(d) = -1339*d - 6757. Calculate s(-5).
-62
Let m(n) = 30*n - 180. What is m(6)?
0
Let n(f) = 18*f - 383. Determine n(23).
31
Let c(b) = 4735*b - 236756. Calculate c(50).
-6
Let h(a) = 84*a - 1667. Give h(19).
-71
Let n(g) = -2*g**3 + 57*g**2 - 8*g - 563. Calculate n(28).
-3
Let v(x) = x**2 - 63*x + 642. What is v(14)?
-44
Let m(k) = -7*k**3 - 279*k**2 + 41*k + 35. Calculate m(-40).
-5
Let x(k) = 280*k - 185. Give x(3).
655
Let y(l) = -118*l + 110. Calculate y(1).
-8
Let q(b) = -4*b - 23. What is q(-27)?
85
Let p(c) = 11*c**2 + 14*c + 9. Determine p(-5).
214
Let s(v) = -v**2 + 12*v + 852. Give s(-23).
47
Let f(h) = 2*h**2 - 30*h - 823. Calculate f(29).
-11
Let l(w) = 23*w + 2682. Calculate l(-115).
37
Let q(y) = -2487*y + 4949. Determine q(2).
-25
Let t(s) = -5826*s - 110682. Determine t(-19).
12
Let x(o) = 10*o**3 - 60*o**2 + o - 7. Determine x(6).
-1
Let v(k) = k**3 - 46*k - 69. What is v(-6)?
-9
Let b(o) = -o**2 - 76*o + 5772. Determine b(47).
-9
Let x(b) = -10*b**2 + 82*b + 24. Determine x(6).
156
Let d(k) = -5*k**3 - 3*k**2 - k - 4. What is d(3)?
-169
Let t(h) = -24*h - 117. Determine t(-4).
-21
Let q(d) = 4*d**2 - 1302*d - 8648. Give q(332).
-16
Let t(g) = -g**2 + 149*g - 4001. Give t(35).
-11
Let v(m) = 18*m - 156. What is v(8)?
-12
Let z(r) = r**3 + 19*r**2 + 85*r - 41. Give z(-9).
4
Let t(c) = -14*c + 59. Give t(12).
-109
Let w(u) = -17*u**2 + 28*u + 1. What is w(3)?
-68
Let f(i) = 3*i**2 + 40*i + 46. Determine f(-12).
-2
Let r(y) = -y**2 - 35*y + 327. Give r(-43).
-17
Let z(j) = 29*j**2 - 4230*j - 579. Determine z(146).
5
Let h(j) = -48*j + 150. Give h(8).
-234
Let v(u) = u**2 + 65*u - 292. Give v(4).
-16
Let c(h) = 62*h + 3668. Calculate c(-58).
72
Let d(n) = -n**2 - 17. Calculate d(5).
-42
Let v(m) = m**3 + 14*m**2 - 116*m + 40. Give v(-20).
-40
Let t(s) = 873*s + 5238. Give t(-6).
0
Let x(j) = 5*j**3 + 215*j**2 + 411*j + 34. Determine x(-41).
-7
Let b(d) = 7*d + 468. Give b(-56).
76
Let a(p) = -8*p**3 - 2*p**2 - 4*p + 24. Determine a(3).
-222
Let i(h) = -11*h**3 - 4*h**2 - h. Give i(-1).
8
Let a(v) = -68*v**2 + 445*v + 441. Calculate a(-1).
-72
Let n(f) = -41*f - 2123. Determine n(-52).
9
Let a(g) = g**2 + 27*g - 594. Give a(-41).
-20
Let n(w) = w**3 - 7*w**2 - 17*w - 2. Calculate n(-3).
-41
Let m(v) = -4*v**3 - 76*v**2 + 5*v + 8. What is m(-19)?
-87
Let l(k) = 11*k**3 + k**2 + 9*k - 8. What is l(1)?
13
Let l(b) = -b**2 - 90*b + 1004. Determine l(10).
4
Let x(n) = 22*n - 216. Give x(10).
4
Let j(x) = 49*x**2 - 3*x - 220. Calculate j(0).
-220
Let c(z) = z**3 + 25*z**2 - 25*z - 637. Calculate c(-25).
-12
Let a(r) = 3*r**2 - 56*r - 573. What is a(26)?
-1
Let t(z) = -154*z + 15476. Determine t(100).
76
Let d(m) = 38*m - 51. What is d(4)?
101
Let j(n) = n**3 + 67*n**2 + 335*n + 5229. Calculate j(-63).
0
Let a(c) = c**3 + 6*c**2 - 9*c + 154. What is a(-9)?
-8
Let n(j) = -2*j**3 + 134*j**2 + 2269*j - 79. Determine n(81).
2
Let d(w) = 602*w + 13860. Determine d(-23).
14
Let k(n) = -n**2 - 23*n + 76. Determine k(-26).
-2
Let q(r) = -12*r**2 - 232*r - 785. Calculate q(-16).
-145
Let m(x) = 12*x**3 + 31*x**2 - 25*x + 42. What is m(2)?
212
Let v(w) = w**2 + 226*w - 5990. Calculate v(24).
10
Let p(b) = b**3 + 20*b**2 - 65*b + 106. Determine p(-23).
14
Let y(m) = 92*m + 984. Give y(-11).
-28
Let v(i) = 453*i + 3113. What is v(-7)?
-58
Let v(i) = i**2 + 78*i - 77. Determine v(-79).
2
Let q(u) = u**2 + 36*u + 170. Give q(-34).
102
Let z(g) = 6*g**2 + 63*g - 104. What is z(-12)?
4
Let o(q) = 2*q**2 + 112*q + 1295. Give o(-44).
239
Let w(a) = a**3 + 3*a**2 + 11. Determine w(0).
11
Let b(l) = -l**2 + 35*l - 300. Give b(19).
4
Let k(i) = -i**3 - 14*i**2 - 33*i - 1. What is k(-11)?
-1
Let u(x) = -20*x**2 + 31*x + 98. Calculate u(-4).
-346
Let j(r) = -r**2 + 97*r - 1534. Calculate j(20).
6
Let t(p) = -453*p - 11532. Determine t(-26).
246
Let l(r) = -870*r + 4352. What is l(5)?
2
Let h(t) = 2*t**3 + 32*t**2 - 72*t + 8. Give h(-18).
8
Let h(j) = 2*j**2 + 41*j + 123. What is h(-4)?
-9
Let s(p) = p**2 + 31*p - 132. Give s(-36).
48
Let i(w) = -10*w**3 + 31*w**2 - 376*w + 1118. Calculate i(3).
-1
Let s(g) = g**3 - 21*g**2 + 8*g + 33. Give s(21).
201
Let h(r) = 32*r + 590. What is h(-19)?
-18
Let w(g) = -g**2 - 60*g - 670. Determine w(-36).
194
Let y(l) = l**3 + 10*l**2 - 46*l - 6. Calculate y(-13).
85
Let n(o) = 3*o**2 + 2329*o - 9357. Calculate n(4).
7
Let o(g) = -980*g + 7835. What is o(8)?
-5
Let x(z) = z**2 + 196*z + 3979. Determine x(-23).
0
Let d(l) = -17*l - 8. What is d(3)?
-59
Let c(j) = -j**3 + 10*j**2 - 18. Give c(10).
-18
Let p(z) = z**3 - 24*z**2 - 3*z + 15. What is p(24)?
-57
Let w(y) = y**3 + 34*y**2 - 54*y + 648. Calculate w(-36).
0
Let f(o) = -o**3 - 27*o**2 + 26*o + 22. Determine f(-27).
-680
Let g(j) = 9*j - 6. Determine g(9).
75
Let d(x) = x**3 - x**2 - 60*x - 178. What is d(-4)?
-18
Let o(z) = -44*z + 1181. What is o(27)?
-7
Let t(j) = -102*j - 1332. Determine t(-13).
-6
Let k(u) = u**3 + 139*u**2 + 3266*u - 402. Give k(-109).
34
Let n(b) = -b**2 - 27*b + 44. Determine n(-33).
-154
Let t(s) = -s**2 + 86*s + 483. What is t(-5)?
28
Let y(v) = -14*v**2 + 22*v + 119. What is y(-5)?
-341
Let l(q) = -q**2 + 45*q - 75. Calculate l(43).
11
Let y(l) = -l**3 - 17*l**2 - 48*l + 4. Give y(-4).
-12
Let s(c) = c**2 + 110*c - 2169. Calculate s(17).
-10
Let a(v) = v**3 + 88*v**2 + 1310*v - 68. Give a(-69).
1
Let b(u) = u + 22. What is b(6)?
28
Let c(u) = 7*u**2 - 482*u - 43. Give c(69).
26
Let y(v) = -2*v**2 + 11*v - 1. Give y(-3).
-52
Let a(g) = -12*g**2 - 34*g + 65. Determine a(2).
-51
Let l(q) = -q**2 + 36*q + 157. Calculate l(41).
-48
Let b(p) = 3*p + 14. Give b(31).
107
Let b(s) = s**2 + 13*s - 96. Determine b(8).
72
Let h(p) = 2*p**2 - 296*p + 3994. Determine h(133).
4
Let h(f) = -7*f**2 + 607*f - 2165. What is h(83)?
-7
Let c(h) = 14*h**2 - 289*h + 287. Calculate c(1).
12
Let f(p) = -4*p**3 + p**2 + 269*p - 542. Calculate f(2).
-32
Let l(u) = 2*u**2 - 225*u - 483. What is l(115)?
92
Let u(p) = -3*p**2 + 64*p - 294. Calculate u(7).
7
Let k(m) = -3*m**2 - 82*m + 378. Calculate k(4).
2
Let q(z) = -z**2 - 131*z - 1823. Determine q(-16).
17
Let f(z) = 6*z - 15. Give f(-13).
-93
Let w(m) = -53*m - 1166. Determine w(-21).
-53
Let o(r) = -319*r - 1915. What is o(-6)?
-1
Let p(t) = -t**3 - 6*t**2 + 11*t + 8. Calculate p(-3).
-52
Let p(z) = -210*z + 2080. Determine p(10).
-20
Let l(t) = -3*t**2 - 72*t - 463. Determine l(-13).
-34
Let g(c) = 2*c**2 + 5*c + 63. What is g(-13)?
336
Let u(s) = -5*s**3 - 215*s**2 + 7*s +